8
Let d(i) = 0*i**2 + i**2 + 2 - 1 + 0*i**2. Suppose 4*g = -2*g + 462. Calculate the remainder when g is divided by d(5).
25
Suppose 2*v - 84 = -5*v. Calculate the remainder when (-141)/9*-3 - 4 is divided by v.
7
Suppose 5*h - 180 = 11*p - 16*p, 5*p - 104 = -3*h. What is the remainder when h is divided by 16?
6
Let c = 39 + -23. Calculate the remainder when c - (-3 - 0) - -2 is divided by 8.
5
Let u = 827 + -753. Calculate the remainder when 114 is divided by u.
40
Let c = 674 + -656. Calculate the remainder when 1419 is divided by c.
15
Suppose k = -2*c - 38, -c - 5*k + 2*k = 14. What is the remainder when 23 is divided by (32/c)/(3*4/(-30))?
3
Suppose 144*h + 675 = 159*h. What is the remainder when 1077 is divided by h?
42
Let v(h) = 17*h - 813. Calculate the remainder when 123 is divided by v(50).
12
What is the remainder when 272 is divided by (-4196)/(-42) - 24/(-252)?
72
Let u(g) = 3*g + 222. Calculate the remainder when 269 is divided by u(-27).
128
Suppose -21*r - 1022 = -28*r. Calculate the remainder when r is divided by 51.
44
Suppose 49 = t + 3*s - 17, 2*s + 164 = 2*t. Calculate the remainder when 386 is divided by t.
74
Suppose k + 12 = -3*k. Let n = -142 + 201. Calculate the remainder when n is divided by 31*(2 + k + 2).
28
Let b(q) = -3*q**2 + 54*q + 4. Let r be b(18). Suppose -r*j = -2*f - 58, -27 = -4*j - 5*f + 66. What is the remainder when 31 is divided by j?
14
Calculate the remainder when 245 is divided by ((-374)/(-3))/2 - 374/1122.
59
Suppose -9*q - 1936 = -25*q. Calculate the remainder when 479 is divided by q.
116
Suppose -m + 23 = 4*f, 4*f + 132 = 7*m - 3*m. Let a = m + -17. Let t = a + -7. Calculate the remainder when 20 is divided by t.
6
Suppose k + 6758 = 6785. Let d(z) = 13*z**2 + z. Let y be d(1). Suppose -31 = -3*b + y. What is the remainder when k is divided by b?
12
Let j = 303 + -294. Suppose 0*f = -3*f + 501. Suppose -h + 35 = -n, 5*h + n - 2*n = f. Calculate the remainder when h is divided by j.
6
Let j = -6940 + 6955. Let y(d) = -d**2 - d + 14. Calculate the remainder when j is divided by y(0).
1
Suppose 3*o + 3*m - 261 = 0, -5*o - m = -261 - 162. What is the remainder when o is divided by 17?
16
Let p(m) = m**2 + 12*m - 14. Suppose w = -14 - 0. Calculate the remainder when 67 is divided by p(w).
11
Let o = -48 - -68. Let k be (1 - 2)/((-4)/o). Suppose -r - 208 = -k*r. What is the remainder when r is divided by 27?
25
Let n be 75/(-2)*(0 - 2). Let c(x) = x - 2. Let q be c(4). Suppose y + 2*b - n = 0, -4*y + q*b = b - 336. Calculate the remainder when y is divided by 28.
27
Let o(q) = q**2 + 25*q - 24. Let c be o(-23). Let z = c - -100. Let x = -7 + 24. Calculate the remainder when z is divided by x.
13
Let c(l) = l**3 - l**2 - l + 3. Let p = -214 + 220. Calculate the remainder when p is divided by c(0).
0
Suppose -3*m - c + 201 = -22, 2*m - 2*c = 154. Calculate the remainder when 102 is divided by m.
27
Suppose 5*g - a - 220 = -73, 39 = g - 5*a. Calculate the remainder when 664 is divided by g.
26
Let s = 24 + -22. Suppose 0*h + 3*l = h - 22, 0 = -s*l. Suppose 30 = 4*d + d. What is the remainder when h is divided by d?
4
Suppose 0 = 10*i - 120 - 230. What is the remainder when 136 is divided by i?
31
Let n = 45 + -47. Calculate the remainder when 48 is divided by (10/(-7))/(n/14).
8
Suppose -9 = -3*h + 33. Let y(r) = r**3 - r + 4. Let f(n) = 3*n - 30. Let o be f(10). What is the remainder when h is divided by y(o)?
2
Let w = -91 - -133. Let h = w - 33. Calculate the remainder when h is divided by 5.
4
Let t(d) = 88*d - 4125. Let q(f) = -f**3 + 7*f**2 - 4*f + 7. What is the remainder when q(6) is divided by t(47)?
8
Calculate the remainder when 10808/70 - 6/(-10) is divided by 33.
23
Suppose -3 = -3*t, -79 = -4*m - m + t. Suppose 0 = d - m - 8. What is the remainder when 50 is divided by d?
2
Let d(n) = n. Let o(u) = -2*u**2 + 2*u - 6. Let j(y) = 4*d(y) - o(y). Suppose 2*a - 7 - 13 = 0. What is the remainder when j(-3) is divided by a?
8
Suppose 18 = -2*t + 4*t. Suppose o = -4, 5*l = 4*o + 2 + t. Calculate the remainder when (13 + 1)/(l/(-2)) is divided by 10.
8
Let i(x) = x**2 - x + 21. Let k = 0 + -3. Let t be (-2)/(-3) + 2/k. Calculate the remainder when i(t) is divided by 11.
10
Let q(u) = u**3 + 3*u**2 - 51*u + 36. Calculate the remainder when 51/2 - (-1)/2 is divided by q(-9).
8
Suppose 0 = -2*n + 3*m - 8, -3*n - 5*m + 7 = -19. Suppose 8*l = 3*l - 4*j + n, 3*j = 3*l - 12. What is the remainder when 42 is divided by 30/((-4)/(-4 + l))?
12
Let q(k) = -2*k - 10. Let l be q(-3). Suppose 3*d + 15 = -0*d. Calculate the remainder when 62 is divided by (3 + d - l) + 14.
14
Suppose -3*r + 0*m = -4*m - 14, 3*m = -6. Suppose -r*b - 3*b = -130. Calculate the remainder when 75 is divided by b.
23
Suppose 10 + 26 = 2*p. Let w = -123 - 1. Let b = -72 - w. What is the remainder when b is divided by p?
16
Let m(y) = 17*y - 30. What is the remainder when 24 is divided by m(2)?
0
Let i(p) = p**2 - p - 1. Let s be i(-1). Suppose 2*d + 15 = s. Let r = 11 + d. Calculate the remainder when r is divided by 2.
0
Suppose -2*y - 47 + 15 = 0. Suppose 4*h - 26 = -5*b - 0*h, 2*h = 4*b - 26. Calculate the remainder when (8/y)/((-1)/32) is divided by b.
4
Suppose 0*o = 2*o. Suppose 0*j - 2*z = -5*j + 285, -j - 3*z + 74 = o. Let x = -18 + 38. Calculate the remainder when j is divided by x.
19
Calculate the remainder when 32 is divided by (-2)/2 - ((20 - 3) + -33).
2
Let a = 105 + -98. Calculate the remainder when 26 is divided by a.
5
Suppose 168 = -31*u + 37*u. Let o(i) = -10*i**3 + 2*i**2 + 2*i - 1. What is the remainder when o(-2) is divided by u?
27
Suppose -2*b = -4*i - 178, 2*b + 36 = 2*i + 224. Suppose 20*m - 231 = 169. What is the remainder when b is divided by m?
19
Suppose 552 = 104*l + 34*l. Let c = -5 + 10. Calculate the remainder when c is divided by l.
1
Let a(s) = -s. What is the remainder when (-209)/(-3) + 1/3 is divided by a(-12)?
10
Suppose 5*m - s + 2*s + 187 = 0, -5*m - 189 = 2*s. What is the remainder when (-1)/(-2 - m/19) is divided by 1/(-2) + 1/2 + 4?
3
Let r = -13 - -37. What is the remainder when ((-54)/(-8))/9*r is divided by 10?
8
Suppose 0 = 4*k - 5 - 11. Suppose -3*x + 2*u = -2*x - 6, -k*x = 4*u - 24. Calculate the remainder when 21 is divided by x.
3
Let x = 5 - 0. Suppose 10 + 40 = y - 5*n, 108 = 3*y - n. Suppose 52 = x*l + 2*i, -2*l = l + 5*i - y. Calculate the remainder when l is divided by 6.
4
Let v(t) = -3*t - 9. Let m be v(-5). Suppose -m*y + 256 = -62. What is the remainder when y is divided by 18?
17
Suppose -q = 3*t - 1, q = -5*t - 2 - 3. Suppose 0 = 5*b - 25, 5*s + 0 = 5*b + 5. Suppose -s*l + l + 145 = 0. Calculate the remainder when l is divided by q.
9
Suppose 0 = -5*n - 4*i + 56, 2*n - 2*i = i + 4. What is the remainder when 26 is divided by n?
2
Suppose -9 = -3*m - 0*m. Suppose -w + 94 = 5*t, -2*w + 261 = 2*w - m*t. Suppose -5*h = 3 + 2, 5*h = -3*v + 67. Calculate the remainder when w is divided by v.
21
Suppose 4*y = -5*i + 704, 3*i + 3*y = 416 + 4. What is the remainder when i is divided by 73?
71
Suppose -436 = -4*y + 220. Suppose 2*b = -5*q - y, -2*b + 2*q = 6*q + 160. Let d = -44 - b. What is the remainder when d is divided by 10?
8
Suppose -2*a = -4*c - 26, 0 = -54*a + 58*a - 2*c - 70. Calculate the remainder when 105 is divided by a.
10
Suppose -2*b = b - 12. Suppose -8*v - 3*q + 11 = -3*v, 0 = 2*v + b*q + 4. What is the remainder when v is divided by 3?
1
Let x(u) be the second derivative of u**3/3 - 5*u**2/2 + u. Let w(h) = -2*h - 10. Let s be w(-8). Calculate the remainder when x(s) is divided by 4.
3
Let o(q) = 10*q + 4. Let i be o(3). Let h = i + -48. Calculate the remainder when (h/3)/((-2)/6) is divided by 4.
2
Suppose x = -4*d + 22, -4*d + 3*d - 5*x = 4. Suppose -188 = -d*w + 2*w. What is the remainder when w is divided by 16?
15
What is the remainder when 26/(-2)*(42 - 49) is divided by 24?
19
Suppose 5*g - 15 - 10 = 0. Let b(c) = 5*c + 9. Suppose -4*u + 7*u - 27 = 0. Calculate the remainder when b(g) is divided by u.
7
Let w(n) = n**3 + 52*n**2 - 53*n + 7. What is the remainder when 180 is divided by w(-53)?
5
Let f = -522 + 583. What is the remainder when 120 is divided by f?
59
Suppose -2*h = -2*r + 2*h + 60, -r + 55 = 3*h. What is the remainder when 114 is divid